{"id":55,"date":"2016-04-21T14:45:03","date_gmt":"2016-04-21T14:45:03","guid":{"rendered":"http:\/\/www.u65.ch\/?page_id=55"},"modified":"2023-09-06T07:47:21","modified_gmt":"2023-09-06T07:47:21","slug":"wissenschaftliche-arbeit","status":"publish","type":"page","link":"https:\/\/u65.ch\/?page_id=55","title":{"rendered":""},"content":{"rendered":"<div class=\"wp-block-image\">\n<figure class=\"alignright is-resized\"><a href=\"https:\/\/www.researchgate.net\/profile\/Andre_Richter\"><img loading=\"lazy\" decoding=\"async\" src=\"https:\/\/u65.ch\/wp-content\/uploads\/2016\/04\/RG.png\" alt=\"\" class=\"wp-image-83\" style=\"width:125px;height:125px\" width=\"125\" height=\"125\" srcset=\"https:\/\/u65.ch\/wp-content\/uploads\/2016\/04\/RG.png 300w, https:\/\/u65.ch\/wp-content\/uploads\/2016\/04\/RG-150x150.png 150w\" sizes=\"auto, (max-width: 125px) 100vw, 125px\" \/><\/a><figcaption class=\"wp-element-caption\">ResearchGate<\/figcaption><\/figure>\n<\/div>\n\n\n<p>Seit Beginn meiner wissenschaftlichen Arbeiten besch\u00e4ftigt mich die neuronale Verarbeitung von Emotionen im Zusammenhang mit individuellem subjektiven Erleben. Ein aktueller Schwerpunkt ist die Erforschung von Ver\u00e4nderungen zwischenmenschlichen Verhaltens im Verlauf einer Psychotherapie. Aktuell bin ich auch an der &#8222;Z\u00fcrcher Depressionsstudie&#8220;, einer bildgebenden Studie zu Ver\u00e4nderungen des Beziehungserlebens im Verlauf psychodynamischer Psychotherapie bei depressiv Erkrankten beteiligt.<\/p>\n\n\n\n<h2 class=\"wp-block-heading\"><strong>Wichtige Originalarbeiten<\/strong><\/h2>\n\n\n\n<p>Baettig L, Baeumelt A, Ernst J, Boeker H, Grimm S, Richter A (2018) .The dilemma of the scared &#8211; context dependent influence of Oxytocin on brain function. Behavioural Brain Research<\/p>\n\n\n\n<p>Wade-Bohleber LB, Boeker H, Ernst J, Grimma S, Br\u00fcgger N, Berwiana I M, Vettera J, Prellera K H,&nbsp; Himmighoffen H, Kleim B, Seifritz E, Richter A (2018). Thinking about the past to shape the present: neural activation during the recall of relationship episodes. Behavioural Brain Research<\/p>\n\n\n\n<p>Fuchs S, Bohleber L, Ernst J, Soguel-dit-Piquard J, Boeker H, Richter A (2018). One look is worth a thousand words: new picture stimuli of interpersonal situations. Social Neuroscience 13: 346-354<\/p>\n\n\n\n<p>Richter A, Woernle CM, Krayenb\u00fchl N, Kollias S, and Bellut D (2015). Affective Symptoms and White Matter Changes in Brain Tumor Patients. World Neurosurgery, 84(4), 927-932.<\/p>\n\n\n\n<p>Richter A, Jenewein J, Krayenb\u00fchl N, Woernle C, and Bellut D (2016). Are preoperative sex-related differences of affective symptoms in primary brain tumor patients associated with postoperative histopathological grading? Journal of Neuro-Oncology, 126(1), 151-156.<\/p>\n\n\n\n<p>Richter A, Grimm S, and Northoff G (2010). Lorazepam modulates BOLD-signal during emotional processing in catatonia. Human Psychopharmacology: Clinical and Experimental; 25:55\u201362.<\/p>\n\n\n\n<p>Northoff G, Witzel T, Richter A, Gessner M, Schlagenhauf F, Fell J, Baumgart F, Kaulisch T, Tempelmann C, and Heinze H (2002). GABA-ergic modulation of prefrontal spatio-temporal activation pattern during emotional processing: a combined fMRI\/MEG study with placebo and lorazepam. Journal Of Cognitive Neuroscience 14:348-370.<\/p>\n\n\n\n<p>Northoff G, Richter A, Bermpohl F, Grimm S, Martin E, Marcar VL, Wahl C, Hell D, and Boeker H (2005). NMDA hypofunction in the posterior cingulate as a model for schizophrenia: an exploratory ketamine administration study in fMRI. Schizophrenia Research 72:235-248.<\/p>\n\n\n\n<p>Northoff G, Richter A, Gessner M, Schlagenhauf F, Fell J, Baumgart F, Kaulisch T, Kotter R, Stephan KE, Leschinger et al. (2000). Functional dissociation between medial and lateral prefrontal cortical spatiotemporal activation in negative and positive emotions: a combined fMRI\/MEG study. Cerebral Cortex 10:93-107.<\/p>\n\n\n\n<h2 class=\"wp-block-heading\"><strong>\u00dcbersichten<\/strong><\/h2>\n\n\n\n<p>Boeker H, Richter A, Himmighoffen H, Ernst J, Bohleber L, Hofmann E, Vetter J and Northoff G (2013) <a href=\"http:\/\/dx.doi.org\/10.3389\/fnhum.2013.00355\" target=\"_blank\" rel=\"noopener\">Essentials of psychoanalytic process and change: how can we investigate the neural effects of psychodynamic psychotherapy in individualized neuro-imaging?<\/a> Frontiers Human Neuroscience 7:355.<\/p>\n\n\n\n<p>Richter A, Seifritz E (2009) <a href=\"https:\/\/u65.ch\/wp-content\/uploads\/2016\/05\/HP16_CME-Richter_GUTZUMDRUCK-final.pdf\" target=\"_blank\" rel=\"noopener\">Larvierte Depressionen: Was steckt hinter den k\u00f6rperlichen Symptomen?<\/a> Hausarzt Praxis 16:8-12.<\/p>\n\n\n\n<h2 class=\"wp-block-heading\"><strong>Buchbeitr\u00e4ge<\/strong><\/h2>\n\n\n\n<p>Richter A (2012) <a href=\"https:\/\/u65.ch\/wp-content\/uploads\/2016\/05\/Huber_EmpathieNeurowissenschaften_Vs3.pdf\" target=\"_blank\" rel=\"noopener\">Empathie: Wie klinische Erfahrungen und Neurowissenschaften in Beziehung gesetzt werden k\u00f6nnen<\/a>. In Psychotherapie und Neurowissenschaften Integration \u2013 Kritik &#8211; Zukunftsaussichten, Hrsg. B\u00f6ker H and Seifritz E, Verlag Hans Huber, Bern<\/p>\n\n\n\n<p>Richter A (2010). <a href=\"https:\/\/u65.ch\/wp-content\/uploads\/2016\/05\/121128_Richter_OrientiergAngst_vs2.pdf\" target=\"_blank\" rel=\"noopener\">Desorientierung und Angst<\/a>. In Des-\/Orientierung 2, Hrsg. Baur R et al., Gleiniger Verlag Lars M\u00fcller Publishers, Baden<\/p>\n\n\n\n<p><script>\/\/ <![CDATA[\n(function(i,s,o,g,r,a,m){i['GoogleAnalyticsObject']=r;i[r]=i[r]||function(){ (i[r].q=i[r].q||[]).push(arguments)},i[r].l=1*new Date();a=s.createElement(o), m=s.getElementsByTagName(o)[0];a.async=1;a.src=g;m.parentNode.insertBefore(a,m) })(window,document,'script','https:\/\/www.google-analytics.com\/analytics.js','ga'); ga('create', 'UA-36276138-2', 'auto'); ga('send', 'pageview');<br \/>\n\/\/ ]]><\/script><\/p>\n","protected":false},"excerpt":{"rendered":"<p>Seit Beginn meiner wissenschaftlichen Arbeiten besch\u00e4ftigt mich die neuronale Verarbeitung von Emotionen im Zusammenhang mit individuellem subjektiven Erleben. Ein aktueller Schwerpunkt ist die Erforschung von Ver\u00e4nderungen zwischenmenschlichen Verhaltens im Verlauf einer Psychotherapie. Aktuell bin ich auch an der &#8222;Z\u00fcrcher Depressionsstudie&#8220;, einer bildgebenden Studie zu Ver\u00e4nderungen des Beziehungserlebens im Verlauf psychodynamischer Psychotherapie bei depressiv Erkrankten beteiligt. [&hellip;]<\/p>\n","protected":false},"author":2,"featured_media":0,"parent":0,"menu_order":0,"comment_status":"closed","ping_status":"closed","template":"","meta":{"footnotes":""},"class_list":["post-55","page","type-page","status-publish","hentry"],"yoast_head":"<!-- This site is optimized with the Yoast SEO plugin v26.9 - https:\/\/yoast.com\/product\/yoast-seo-wordpress\/ -->\n<title>- PD Dr. med. Andre Richter<\/title>\n<meta name=\"description\" content=\"Themen: Neuronale Verarbeitung v. Emotionen, Ver\u00e4nderungen zwischenmenschlichen Verhaltens in Psychotherapien, Bildgebende Studie zum Beziehungserlebens\" \/>\n<meta name=\"robots\" content=\"index, follow, max-snippet:-1, max-image-preview:large, max-video-preview:-1\" \/>\n<link rel=\"canonical\" href=\"https:\/\/u65.ch\/?page_id=55\" \/>\n<meta property=\"og:locale\" content=\"de_DE\" \/>\n<meta property=\"og:type\" content=\"article\" \/>\n<meta property=\"og:title\" content=\"- PD Dr. med. Andre Richter\" \/>\n<meta property=\"og:description\" content=\"Themen: Neuronale Verarbeitung v. Emotionen, Ver\u00e4nderungen zwischenmenschlichen Verhaltens in Psychotherapien, Bildgebende Studie zum Beziehungserlebens\" \/>\n<meta property=\"og:url\" content=\"https:\/\/u65.ch\/?page_id=55\" \/>\n<meta property=\"og:site_name\" content=\"PD Dr. med. Andre Richter\" \/>\n<meta property=\"article:modified_time\" content=\"2023-09-06T07:47:21+00:00\" \/>\n<meta property=\"og:image\" content=\"https:\/\/u65.ch\/wp-content\/uploads\/2016\/04\/RG.png\" \/>\n<meta name=\"twitter:card\" content=\"summary_large_image\" \/>\n<meta name=\"twitter:label1\" content=\"Gesch\u00e4tzte Lesezeit\" \/>\n\t<meta name=\"twitter:data1\" content=\"3\u00a0Minuten\" \/>\n<script type=\"application\/ld+json\" class=\"yoast-schema-graph\">{\"@context\":\"https:\/\/schema.org\",\"@graph\":[{\"@type\":\"WebPage\",\"@id\":\"https:\/\/u65.ch\/?page_id=55\",\"url\":\"https:\/\/u65.ch\/?page_id=55\",\"name\":\"- PD Dr. med. Andre Richter\",\"isPartOf\":{\"@id\":\"https:\/\/u65.ch\/#website\"},\"primaryImageOfPage\":{\"@id\":\"https:\/\/u65.ch\/?page_id=55#primaryimage\"},\"image\":{\"@id\":\"https:\/\/u65.ch\/?page_id=55#primaryimage\"},\"thumbnailUrl\":\"https:\/\/u65.ch\/wp-content\/uploads\/2016\/04\/RG.png\",\"datePublished\":\"2016-04-21T14:45:03+00:00\",\"dateModified\":\"2023-09-06T07:47:21+00:00\",\"description\":\"Themen: Neuronale Verarbeitung v. Emotionen, Ver\u00e4nderungen zwischenmenschlichen Verhaltens in Psychotherapien, Bildgebende Studie zum Beziehungserlebens\",\"inLanguage\":\"de\",\"potentialAction\":[{\"@type\":\"ReadAction\",\"target\":[\"https:\/\/u65.ch\/?page_id=55\"]}]},{\"@type\":\"ImageObject\",\"inLanguage\":\"de\",\"@id\":\"https:\/\/u65.ch\/?page_id=55#primaryimage\",\"url\":\"https:\/\/u65.ch\/wp-content\/uploads\/2016\/04\/RG.png\",\"contentUrl\":\"https:\/\/u65.ch\/wp-content\/uploads\/2016\/04\/RG.png\",\"width\":300,\"height\":300},{\"@type\":\"WebSite\",\"@id\":\"https:\/\/u65.ch\/#website\",\"url\":\"https:\/\/u65.ch\/\",\"name\":\"PD Dr. med. Andre Richter\",\"description\":\"Praxis f\u00fcr Psychiatrie und Psychoanalyse\",\"potentialAction\":[{\"@type\":\"SearchAction\",\"target\":{\"@type\":\"EntryPoint\",\"urlTemplate\":\"https:\/\/u65.ch\/?s={search_term_string}\"},\"query-input\":{\"@type\":\"PropertyValueSpecification\",\"valueRequired\":true,\"valueName\":\"search_term_string\"}}],\"inLanguage\":\"de\"}]}<\/script>\n<!-- \/ Yoast SEO plugin. -->","yoast_head_json":{"title":"- PD Dr. med. Andre Richter","description":"Themen: Neuronale Verarbeitung v. Emotionen, Ver\u00e4nderungen zwischenmenschlichen Verhaltens in Psychotherapien, Bildgebende Studie zum Beziehungserlebens","robots":{"index":"index","follow":"follow","max-snippet":"max-snippet:-1","max-image-preview":"max-image-preview:large","max-video-preview":"max-video-preview:-1"},"canonical":"https:\/\/u65.ch\/?page_id=55","og_locale":"de_DE","og_type":"article","og_title":"- PD Dr. med. Andre Richter","og_description":"Themen: Neuronale Verarbeitung v. Emotionen, Ver\u00e4nderungen zwischenmenschlichen Verhaltens in Psychotherapien, Bildgebende Studie zum Beziehungserlebens","og_url":"https:\/\/u65.ch\/?page_id=55","og_site_name":"PD Dr. med. Andre Richter","article_modified_time":"2023-09-06T07:47:21+00:00","og_image":[{"url":"https:\/\/u65.ch\/wp-content\/uploads\/2016\/04\/RG.png","type":"","width":"","height":""}],"twitter_card":"summary_large_image","twitter_misc":{"Gesch\u00e4tzte Lesezeit":"3\u00a0Minuten"},"schema":{"@context":"https:\/\/schema.org","@graph":[{"@type":"WebPage","@id":"https:\/\/u65.ch\/?page_id=55","url":"https:\/\/u65.ch\/?page_id=55","name":"- PD Dr. med. Andre Richter","isPartOf":{"@id":"https:\/\/u65.ch\/#website"},"primaryImageOfPage":{"@id":"https:\/\/u65.ch\/?page_id=55#primaryimage"},"image":{"@id":"https:\/\/u65.ch\/?page_id=55#primaryimage"},"thumbnailUrl":"https:\/\/u65.ch\/wp-content\/uploads\/2016\/04\/RG.png","datePublished":"2016-04-21T14:45:03+00:00","dateModified":"2023-09-06T07:47:21+00:00","description":"Themen: Neuronale Verarbeitung v. Emotionen, Ver\u00e4nderungen zwischenmenschlichen Verhaltens in Psychotherapien, Bildgebende Studie zum Beziehungserlebens","inLanguage":"de","potentialAction":[{"@type":"ReadAction","target":["https:\/\/u65.ch\/?page_id=55"]}]},{"@type":"ImageObject","inLanguage":"de","@id":"https:\/\/u65.ch\/?page_id=55#primaryimage","url":"https:\/\/u65.ch\/wp-content\/uploads\/2016\/04\/RG.png","contentUrl":"https:\/\/u65.ch\/wp-content\/uploads\/2016\/04\/RG.png","width":300,"height":300},{"@type":"WebSite","@id":"https:\/\/u65.ch\/#website","url":"https:\/\/u65.ch\/","name":"PD Dr. med. Andre Richter","description":"Praxis f\u00fcr Psychiatrie und Psychoanalyse","potentialAction":[{"@type":"SearchAction","target":{"@type":"EntryPoint","urlTemplate":"https:\/\/u65.ch\/?s={search_term_string}"},"query-input":{"@type":"PropertyValueSpecification","valueRequired":true,"valueName":"search_term_string"}}],"inLanguage":"de"}]}},"_links":{"self":[{"href":"https:\/\/u65.ch\/index.php?rest_route=\/wp\/v2\/pages\/55","targetHints":{"allow":["GET"]}}],"collection":[{"href":"https:\/\/u65.ch\/index.php?rest_route=\/wp\/v2\/pages"}],"about":[{"href":"https:\/\/u65.ch\/index.php?rest_route=\/wp\/v2\/types\/page"}],"author":[{"embeddable":true,"href":"https:\/\/u65.ch\/index.php?rest_route=\/wp\/v2\/users\/2"}],"replies":[{"embeddable":true,"href":"https:\/\/u65.ch\/index.php?rest_route=%2Fwp%2Fv2%2Fcomments&post=55"}],"version-history":[{"count":19,"href":"https:\/\/u65.ch\/index.php?rest_route=\/wp\/v2\/pages\/55\/revisions"}],"predecessor-version":[{"id":308,"href":"https:\/\/u65.ch\/index.php?rest_route=\/wp\/v2\/pages\/55\/revisions\/308"}],"wp:attachment":[{"href":"https:\/\/u65.ch\/index.php?rest_route=%2Fwp%2Fv2%2Fmedia&parent=55"}],"curies":[{"name":"wp","href":"https:\/\/api.w.org\/{rel}","templated":true}]}}